pose 0 = -j*w + 2*f + 185, 4*f - 22 = -w + 21. What is the tens digit of w?
5
Let x(n) = 2*n**2 + 12*n - 9. Let k be x(-9). What is the tens digit of (-30)/k*105/(-2)?
3
Let v = 543 + -171. What is the hundreds digit of v?
3
Suppose 0 = 2*k, -3*k + 96 = 4*c - 0*c. Let m(i) = 10*i + 10. What is the tens digit of m(c)?
5
Let z = -52 - -55. Suppose 0 = -2*g + 4*a + 270, -4*a - 705 = -2*g - z*g. What is the hundreds digit of g?
1
Suppose -12*f + 4594 = -13418. What is the tens digit of f?
0
What is the units digit of (3*8/(-12))/((-5)/305)?
2
Let g be (-4962)/90 + (-4)/(-30). Let f = 84 + g. What is the tens digit of f?
2
Let i(m) = -3895*m**3 - m**2 + 4*m + 3. What is the hundreds digit of i(-1)?
8
Suppose -7529 = -37*k + 23033. What is the hundreds digit of k?
8
Suppose 32158 - 7917 = 7*m. What is the units digit of m?
3
Let n(q) = -7*q**2 + q + 6. Let z(x) = 8*x**2 - 2*x - 7. Let f(r) = -7*n(r) - 6*z(r). What is the tens digit of f(-10)?
5
Let n be ((-44)/8 + 4)/(3/(-4)). Suppose -29 = -x + 3*d, n*x - d = x + 37. What is the tens digit of x?
4
Let h(l) = 140*l + 56. Let v(n) = 20*n + 8. Let o(f) = -3*h(f) + 20*v(f). Let s be o(-8). Suppose -6*z = -2*z - s. What is the units digit of z?
8
Let d be (-4)/14 - 60/(-14). Let w be 2 + 10 + d + -2. Let t = -5 + w. What is the units digit of t?
9
Let n(r) = -141*r - 88. What is the units digit of n(-1)?
3
Let g = -20 + 22. Suppose -g*d = -2*f + 122, 4*d - 2*d = -2. Suppose -3*w - 2*r + 141 = 0, -5*w + 4*r + 295 - f = 0. What is the tens digit of w?
4
Suppose 0 = -3*p - 8 + 41. Let l be (3 - 1)/((-1)/(-22)). Let n = l - p. What is the tens digit of n?
3
Suppose 0 = 260*s - 214*s - 102764. What is the hundreds digit of s?
2
Suppose 0 = -5*f + 4*r + 275, 17*f = 21*f - 3*r - 220. Let n be (-35)/(-4)*(-1 - 3). Let u = n + f. What is the tens digit of u?
2
Let r(b) = 111*b - 15. Let f be r(2). Suppose -70*s = -67*s - f. What is the units digit of s?
9
Let h(v) be the first derivative of v**4/4 - 7*v**3/3 + 4*v**2 - 8*v - 5. Let t be h(6). Suppose -l - l + t = 0. What is the units digit of l?
2
Let n(c) = c**3 + 7*c**2 - 10*c + 13. Let z be n(-8). Let y = 52 - z. What is the tens digit of y?
2
Let z be ((-20)/(-5) - 3)*3. Let f(m) = 3*m**2 - 2*m + 4. What is the units digit of f(z)?
5
Let f(o) = -15 - 13 + 8 - o - 20*o. What is the hundreds digit of f(-8)?
1
Let q = -8226 - -13078. What is the units digit of q?
2
Suppose 0 = 283*d - 292*d + 11988. What is the units digit of d?
2
Let i(r) = -5*r - 25. Let n be i(-9). What is the units digit of 4/(28/347) + n/(-35)?
9
What is the units digit of 77638/24 + 1 - 9/(-108)?
6
Let x(p) = 247*p - 50. What is the units digit of x(7)?
9
Let a(i) = -2*i - 2 + 2 - 3*i**2 + 10*i**2 - i**3 - 3. Let c be a(5). Let u = -17 + c. What is the tens digit of u?
2
Suppose -5*b = -2 - 3. Let u = b - -2. Suppose u*w - 34 = 8. What is the units digit of w?
4
What is the tens digit of (48*(2 - 3))/((-3)/26)?
1
Suppose 18 = -4*b + 30. What is the units digit of b/(-2)*2912/(-48)?
1
Let y be 5/(31/14 - (-2)/7). Suppose 166 = y*g - 26. What is the units digit of g?
6
Suppose 5*s - 537 = 2108. What is the tens digit of s?
2
What is the units digit of ((-4848498)/198)/(-9) - 2/(-11)?
1
Let s(g) = 39*g**3 - 5*g**2 + 8*g - 12. Let b be s(3). Suppose 5*d = -0*d - 5*p + b, -p = 3*d - 606. What is the hundreds digit of d?
2
Suppose 16*h + 5*k - 3497 = 13*h, 2*k = 2*h - 2326. What is the thousands digit of h?
1
Suppose 0 = -4*l - 20 + 8. Let z be l*2/(-3) + 46. Suppose 4*b + 0*b - z = 0. What is the tens digit of b?
1
Suppose 364 + 1980 = 4*t. What is the hundreds digit of t?
5
Let f = -71 - -183. Let n = -45 + f. What is the units digit of n?
7
Suppose 0 = -h + 88 - 20. Suppose u - h - 45 = 0. What is the hundreds digit of u?
1
Let f(i) be the third derivative of -i**4/24 - i**3/6 + 6*i**2. Let x be f(3). What is the tens digit of x/14 - 615/(-21)?
2
Suppose -447 + 1097 = 10*g. What is the units digit of g?
5
Suppose -5*a + 25 + 685 = 0. What is the tens digit of a?
4
Let m = -628 + 986. Suppose m + 152 = 2*b. Suppose -i + b = 5*f, 4*i = i + 15. What is the units digit of f?
0
Suppose -5*j + 8*j = 5*s - 5, 0 = 5*j + 2*s - 2. Suppose 0 - 8 = -2*q. Suppose j*f + 8 = q*f. What is the units digit of f?
2
Suppose -d = 3*v - 366, -2*v + 6*v - 5*d = 488. Let y = v + 106. What is the tens digit of y?
2
Suppose 28*l - 33*l + 2985 = 0. What is the units digit of l?
7
Let j = -54 + 139. Suppose -539 = -4*w + j. What is the tens digit of w?
5
Suppose 32*s - 36*s + 12 = 0. Suppose -s*t - 90 = -5*t. What is the units digit of t?
5
Let j(z) = -z**3 - 8*z**2 - 6*z - 2. Let v be ((-75)/50)/((-1)/(-6)). What is the hundreds digit of j(v)?
1
Suppose -5*l + 2*f = 27, -3*l + 4*f - 6 = 13. Let j = 4 + l. Let v(g) = -50*g**3 + g**2 + g. What is the tens digit of v(j)?
5
Let k be ((-12)/8 + 2)*-42. Let w be k*(0 - (-4)/12). What is the units digit of (6*-1)/(w + 6)?
6
Let m(h) = h**2 - 14*h - 111. What is the tens digit of m(25)?
6
Suppose 2*p - 968 = -2*l, -2*p = l + 4*l - 2411. What is the tens digit of l?
8
Let k = 478 - -34. Let r = k - 362. What is the hundreds digit of r?
1
Let o(i) = 2*i - 2. Let c be o(4). Suppose k - 3*k = c. What is the tens digit of (61/(-3))/(1/k)?
6
Let t = 154 - -883. What is the hundreds digit of t?
0
Suppose -2*c = 3*v - 0*c - 8, 5*v - 3*c + 12 = 0. Suppose -2*q + 2*l + 300 = v, q + 2*l = 5*q - 596. What is the units digit of q?
8
Let k(f) be the third derivative of f**5/30 + f**4/8 - f**3 + 7*f**2. Let s be k(-5). Let o = 67 - s. What is the tens digit of o?
3
Suppose 0 = -18*b + 21*b - 180. Let h = -10 + 18. Suppose -h*t + 6*t + b = 0. What is the tens digit of t?
3
Let o(c) = c**2 + c + 37. Let w = 23 + -15. Let l be 15/20 + (-6)/w. What is the tens digit of o(l)?
3
Let r(d) = d**2 + 2*d - 13. Let i be r(2). Let u be ((-8)/(-10))/(2/15). Let l = u + i. What is the units digit of l?
1
Suppose z + 12 = -32. Let n = z + 97. What is the units digit of n?
3
Suppose -5*x + 1197 = 167. Let a = x - 153. What is the tens digit of a?
5
Let x(a) = -17*a - 2*a + 14 + 3*a. What is the units digit of x(-6)?
0
What is the hundreds digit of ((-2004)/10)/(7 + (-37)/5)?
5
Suppose 612 = -5*v - u - 2*u, -4*u = -3*v - 344. What is the tens digit of -1*2176/v + (-2)/15?
1
Suppose -21 = -2*i + 15. Suppose -2 = 2*u - i. Suppose 5*g - u - 152 = 0. What is the tens digit of g?
3
Let l(v) = v**2 - v. Let g be l(-5). Suppose f - 4*f = g. Let s = 24 + f. What is the units digit of s?
4
Let f = -632 - -1130. What is the hundreds digit of f?
4
Suppose 2*j - 5*j - 159 = 0. Let g = 52 - j. What is the hundreds digit of g?
1
Suppose -5*z - 5*o - 85 = 0, z + 3*o - 93 = 6*z. Let i be (z - 1) + -4 + 5. What is the units digit of i/12 + (-21)/(-6)?
2
Suppose -2*b - 3*x = -2641, 2*b = 7*b - 4*x - 6660. What is the units digit of b?
8
Let t(n) = 40*n + 38*n**3 - 42*n + 2 - 94*n**2 + 92*n**2. What is the hundreds digit of t(2)?
2
Let w(s) = s**3 + 27*s**2 + 12*s - 107. Let m be w(-26). Suppose -2*j - 7*y = -3*y + 12, -y = 3*j + 28. What is the tens digit of m/5 + j/25?
5
Let o(r) = r**3 + 45*r**2 + 97*r + 52. What is the tens digit of o(-42)?
7
Let x = -158 - -84. Let t = x + 131. Suppose -t = -3*o - 0*o. What is the tens digit of o?
1
Let v(b) = -2 - 6 + 0*b - 15*b. Let u be ((-60)/4)/(-3) - 9. What is the units digit of v(u)?
2
Let g = 0 + 2. Suppose -y = g*y - 9. Suppose -t = -6 - y. What is the units digit of t?
9
Let x = -314 + 466. Suppose 11*w - x = 9*w. What is the tens digit of w?
7
Suppose 0*r - 4*r = 12, -3*t - 2*r = 12. What is the tens digit of 65 - (-5 - t)*4/3?
6
Suppose 7*l = 1763 + 281. Let w = l + -149. What is the units digit of w?
3
Let r be (48/(-3))/((-3)/6). Suppose 0 = -4*v + 2*v - r. What is the tens digit of -4*(164/v - -1)?
3
Suppose -4*u + 3*n + 136 = 5*n, u - n - 28 = 0. Let p = 0 - 13. Let a = u + p. What is the tens digit of a?
1
Let x be 12/(-20) + (-6)/(-10). Suppose x = 3*a - 8 + 2. What is the tens digit of (-174)/(-6) + (a - 1)?
3
Let t(x) = -x**2 + 8*x + 7. Let p be t(8). Let q = 4 - 12. Let s = p - q. What is the units digit of s?
5
Suppose -129*n + 42 = -126*n. What is the tens digit of n?
1
Let z be (1/6)/(-1) - 475/(-114). What is the units digit of (273/(-26))/((-3)/z)?
4
Let b